Is 254451677 a composite number?
False
Is 14568821 composite?
True
Is 214958769 a composite number?
True
Is 1724903 a prime number?
False
Is 181182919 composite?
False
Is 21577211 composite?
False
Is 3208001 prime?
True
Is 48507769 a composite number?
False
Is 64255522 a composite number?
True
Is 516403 prime?
False
Is 4588273 a prime number?
False
Is 55867873 a composite number?
True
Is 167753453 a prime number?
False
Is 1496021 a composite number?
True
Is 513509 a composite number?
False
Is 10530187 prime?
True
Is 11560503 composite?
True
Is 79657451 a prime number?
True
Is 1346693 composite?
False
Is 231628109 composite?
False
Is 19648381 a prime number?
True
Is 112577063 a composite number?
False
Is 83422199 a composite number?
True
Is 21363 prime?
False
Is 63903241 a composite number?
True
Is 43424113 a prime number?
False
Is 119933599 a prime number?
False
Is 46492471 a prime number?
False
Is 49536707 composite?
True
Is 123541751 a composite number?
False
Is 141336199 a prime number?
False
Is 84964741 composite?
True
Is 2408723 composite?
False
Is 6664277 a prime number?
True
Is 249455 prime?
False
Is 766221431 a composite number?
True
Is 4712287 a prime number?
True
Is 210299 composite?
False
Is 28546387 composite?
False
Is 36251 composite?
False
Is 44669593 a prime number?
True
Is 23281711 composite?
False
Is 94581691 a prime number?
False
Is 9733677 prime?
False
Is 115009751 composite?
False
Is 158793289 composite?
False
Is 1201439 a prime number?
True
Is 5494807 composite?
False
Is 3618287 composite?
True
Is 10985785 composite?
True
Is 201770173 a prime number?
False
Is 9156821 a prime number?
True
Is 31071659 prime?
False
Is 7224809 prime?
True
Is 2965763 a composite number?
False
Is 62961427 composite?
False
Is 10679239 a prime number?
True
Is 48485599 prime?
True
Is 34743187 a composite number?
False
Is 444432158 composite?
True
Is 71194373 composite?
False
Is 16473271 composite?
False
Is 991153 composite?
True
Is 29561933 a prime number?
False
Is 4095451 a prime number?
True
Is 35962723 a prime number?
False
Is 5111534 a composite number?
True
Is 7368743 a composite number?
False
Is 20499749 prime?
True
Is 23889937 composite?
False
Is 24125483 composite?
False
Is 123165691 a prime number?
False
Is 6071617 prime?
True
Is 331799 a prime number?
False
Is 260747303 a composite number?
False
Is 25129867 a composite number?
True
Is 28543477 a composite number?
False
Is 10179263 a prime number?
True
Is 237601337 a prime number?
True
Is 391952569 a composite number?
True
Is 1315201 a prime number?
False
Is 261817 composite?
True
Is 13990051 a prime number?
False
Is 368554409 a prime number?
True
Is 97264223 a prime number?
False
Is 132631 prime?
True
Is 6266647 a composite number?
True
Is 1682987 a prime number?
True
Is 34239799 prime?
False
Is 72731509 a prime number?
False
Is 8060791 a composite number?
False
Is 1453535 a composite number?
True
Is 1729591 prime?
True
Is 11273089 a composite number?
False
Is 19791797 prime?
True
Is 17178899 a composite number?
False
Is 256003889 a prime number?
False
Is 318465031 prime?
False
Is 37558289 prime?
True
Is 877575191 prime?
True
Is 15106513 prime?
True
Is 621973 a composite number?
True
Is 94082201 a composite number?
True
Is 29868757 composite?
True
Is 7402339 a composite number?
True
Is 134750321 composite?
False
Is 15069211 prime?
True
Is 2312543807 prime?
False
Is 403483 prime?
True
Is 52095553 composite?
True
Is 316631 a prime number?
False
Is 2371209 a composite number?
True
Is 6667211 a prime number?
False
Is 31132807 composite?
True
Is 155203827 a prime number?
False
Is 33103209 prime?
False
Is 643358 prime?
False
Is 40059191 prime?
False
Is 967349 prime?
True
Is 470845 a prime number?
False
Is 19137203 prime?
True
Is 2247883 a composite number?
True
Is 1651307 composite?
True
Is 7074701 a composite number?
False
Is 3304447 a composite number?
True
Is 103444007 prime?
True
Is 4811461 prime?
True
Is 459937 composite?
False
Is 60774317 composite?
True
Is 15714313 a prime number?
False
Is 672587 a composite number?
False
Is 46241 a prime number?
False
Is 153775877 a composite number?
False
Is 5966921 composite?
False
Is 7440673 composite?
True
Is 14874403 a composite number?
False
Is 28842529 prime?
False
Is 2332627 a prime number?
False
Is 6198949 a prime number?
False
Is 12549457 prime?
True
Is 2983963 a prime number?
False
Is 2240267 a prime number?
True
Is 1118517 prime?
False
Is 150348829 a composite number?
True
Is 14408029 prime?
False
Is 166541 a prime number?
True
Is 10433693 a prime number?
True
Is 222708361 a prime number?
False
Is 15130513 a composite number?
False
Is 48028361 composite?
False
Is 496800191 composite?
False
Is 6223417 composite?
True
Is 9121199 prime?
True
Is 17535851 a composite number?
False
Is 145341173 a prime number?
False
Is 1655067 composite?
True
Is 19070303 prime?
False
Is 2894813 composite?
False
Is 129902833 a prime number?
False
Is 33802361 prime?
True
Is 152861999 a composite number?
True
Is 464345529 a composite number?
True
Is 693943 composite?
False
Is 557981 a prime number?
True
Is 3005927 composite?
True
Is 16774831 prime?
False
Is 50235737 composite?
True
Is 25930237 a composite number?
False
Is 3586019 composite?
False
Is 64661 prime?
True
Is 193407569 composite?
False
Is 14791631 prime?
True
Is 1527691387 a prime number?
True
Is 5029153 a composite number?
True
Is 26746361 a prime number?
True
Is 1581869 composite?
False
Is 10223849 composite?
True
Is 3497071 composite?
False
Is 56261699 composite?
True
Is 30461 prime?
False
Is 114716757 composite?
True
Is 1629767 composite?
False
Is 104995493 a prime number?
False
Is 37278169 a composite number?
False
Is 571631 composite?
True
Is 13951167 a prime number?
False
Is 483370919 a composite number?
True
Is 13664219 prime?
True
Is 275621083 prime?
True
Is 139642297 composite?
True
Is 888331 prime?
False
Is 44014181 composite?
False
Is 150354229 a composite number?
False
Is 355484143 composite?
True
Is 767230987 a composite number?
True
Is 25326953 a composite number?
False
Is 7713647 a prime number?
False
Is 12654581 a prime number?
False
Is 921703 prime?
True
Is 1217747 prime?
False
Is 12764165 a prime number?
False
Is 159086338 a prime number?
False
Is 10007993 composite?
True
Is 1667131 prime?
True
Is 3666269 a composite number?
True
Is 8105029 prime?
False
Is 403117985 a prime number?
False
Is 8492947 prime?
False
Is 826567 a composite number?
True
Is 105530498 prime?
False
Is 310881901 a composite number?
True
Is 72517283 composite?
False
Is 3289397 composite?
False
Is 30993107 composite?
False
Is 18358805 composite?
True
Is 8502577 a composite number?
False
Is 436693 a prime number?
True
Is 795323 prime?
True
Is 6216943 prime?
True
Is 15357367 prime?
False
Is 302172529 a composite number?
False
Is 104427121 prime?
True
Is 7318247 a prime number?
True
Is 1810507 composite?
False
Is 4314731 a prime number?
False
Is 9190609 prime?
False
Is 3695777 prime?
False
Is 2391223 a prime number?
False
Is 84547649 prime?
False
Is 14061097 a composite number?
False
Is 68096939 prime?
True
Is 3461641 a prime number?
True
Is 23360429 a composite number?
False
Is 1182561 a composite number?
True
Is 61218321 a prime number?
False
Is 22975471 a composite number?
False
Is 3872357 a prime number?
False
Is 885379 prime?
False
Is 933800947 a composite number?
False
Is 1640409502 composite?
True
Is 2121367 prime?
True
Is 20259937 prime?
False
Is 15935455 a composite number?
True
Is 5343103 a composite number?
False
Is 58725479 a prime number?
True
Is 2090771 a composite number?
False
Is 58265561 prime?
True
Is 70296841 prime?
False
Is 221398883 a composite number?
True
Is 13869151 a prime number?
True
Is 542683 prime?
True
Is 205545091 a prime number?
False
Is 88848497 a composite number?
False
Is 184094549 a prime number?
False
Is 108776981 a composite number?
False
Is 3738977 a composite number?
True
Is 25376907 composite?
True
Is 42141479 a composite number?
False
Is 317091833 a prime number?
False
Is 26403305 composite?
True
Is 3603058 prime?
False
Is 117522527 prime?
True
Is 3846343 a prime number?
False
Is 225842141 a prime number?
False
Is 51465617 composite?
True
Is 50001031 a composite number?
True